rime factors of u?
2, 5
Suppose -5*f + 26 = t, 2*t - 30 = 3*f - 2*f. Suppose -4*w = 4*r - 3*r - t, -4*w = -3*r. What are the prime factors of w?
3
Let p(u) = -u**3 + 5*u**2 - 5*u + 3. Let q be p(4). Suppose 3*l - 2 = k, -l - 3*k + 1 + 3 = 0. What are the prime factors of q/(l - (-12)/(-11))?
11
What are the prime factors of (-40)/(-5)*(2 - 1)?
2
Let i(r) = r**3 - 5*r**2 - 5*r - 3. Let m be i(6). Suppose m + 5 = 2*s. List the prime factors of 2/4 - (-42)/s.
11
Suppose -24*j - 34 = -25*j. What are the prime factors of j?
2, 17
Suppose 29 = w + 4. List the prime factors of w.
5
What are the prime factors of 1*(97 - 0) - (-33)/(-11)?
2, 47
Let r = 10 - 4. List the prime factors of ((-46)/r)/(2/(-6)).
23
What are the prime factors of (-101)/2*(-3 + 1)?
101
Suppose f + 3 = 2*f. Suppose h - f*h + 4*g = -48, 4 = -2*g. What are the prime factors of h?
2, 5
Suppose 3*v - 9 = -0*v, -8 = a - 2*v. Let z = 0 + -1. What are the prime factors of (-4 - -1)*(a - z)?
3
List the prime factors of (-234)/12*100/(-6).
5, 13
Let h be (-3 - -1)/(6/(-12)). Suppose -2*v + 6*v = -h*u + 120, -40 = -2*v + 3*u. What are the prime factors of v?
2, 13
Let r(s) = -s - 4. Let q be r(-6). Let u(g) = -4*g**3 - 2*g - 2. Let m be u(-1). Suppose 5*t - m*d - 27 = 7, q*d = 4*t - 32. List the prime factors of t.
2, 5
Let z = -90 + 128. What are the prime factors of z?
2, 19
Suppose -3*b + 47 = 2*i - i, -240 = -4*i + b. What are the prime factors of i?
59
Let i(l) = l**3 + l**2 - 6*l + 2. List the prime factors of i(5).
2, 61
Let v(t) be the first derivative of 2 + 2*t - 1/2*t**2 + 1/3*t**3. List the prime factors of v(2).
2
Suppose c = 5 + 4. Suppose -2*r + c = 1. List the prime factors of -2 + (r - 1/(-1)).
3
Suppose 0 = -7*k + 3*k + 248. Let j = k - 36. List the prime factors of j.
2, 13
Suppose -5*h - 2*l + 5 = 0, 16 = -0*h - 3*h - 5*l. Suppose -h*w = v - 6, -w - 73 = -3*v + w. List the prime factors of v.
3, 7
Suppose d = 6*d - 70. What are the prime factors of d?
2, 7
Suppose 0*a - 2*a - 18 = 0. Let w = a + 19. What are the prime factors of w?
2, 5
Let t(k) = -k + 9. Let p be t(7). Suppose -g = -p*g + 40. Suppose -3*v + v = -g. List the prime factors of v.
2, 5
What are the prime factors of 45/30*712/6?
2, 89
Let r(q) be the second derivative of -q**3/6 + 9*q**2/2 - 2*q. Suppose n - y + 4 = 2*n, y = -2*n + 4. What are the prime factors of r(n)?
3
Let k(m) = -7*m**2 - 2*m - 3. Let d(v) = -20*v**2 - 7*v - 9. Let f(b) = 6*d(b) - 17*k(b). Let j = 9 + -15. What are the prime factors of f(j)?
3
Suppose -2*s - 81 = -3*a, 8*s + 27 = a + 3*s. What are the prime factors of a?
3
Suppose 74 + 208 = 6*x. List the prime factors of x.
47
Let q be 59 + 1 - (1 - 2). Suppose -3*v - 4 = -q. List the prime factors of v.
19
Suppose 5*l = 38 + 62. Let z = -10 + l. List the prime factors of z.
2, 5
Let f(u) = 32*u**2 - 3*u + 4. List the prime factors of f(1).
3, 11
Let q(w) = w + 44. What are the prime factors of q(-15)?
29
Let b(u) = -u - 9. Let s be b(-10). Let n = 7 + -6. What are the prime factors of (0 - n)/(s/(-13))?
13
Let n be 228/(2 + 2) - -2. Let r = n + -39. List the prime factors of r.
2, 5
Let o(r) = 17 - 1 + 13 + r. What are the prime factors of o(-13)?
2
Let o = -133 - -61. List the prime factors of 2/(-9) - 664/o.
3
Let x = 35 - 5. What are the prime factors of x?
2, 3, 5
Let c be ((-2)/(-5))/((-4)/(-40)). Suppose c*m = 4*u - m - 2, -4*m = -8. List the prime factors of u.
3
Suppose 3*w = -3*l - 606, 4*w - 5*l + 653 + 110 = 0. Let o = w - -131. List the prime factors of ((-4)/(-6))/((-4)/o).
11
Let j(g) = 29*g - 6. List the prime factors of j(2).
2, 13
Let i(x) = 17*x**2 - 3*x + 3. What are the prime factors of i(-3)?
3, 5, 11
What are the prime factors of 6/6*-3 - -123*1?
2, 3, 5
Let n(b) be the second derivative of b**4/12 - b**3/2 - 3*b**2/2 - 2*b. Suppose -25 = 4*y - 9*y. What are the prime factors of n(y)?
7
Suppose 2*q + 4*o + 240 = 0, -5*q + 4*o = o + 600. Let k be 2/7 + q/(-70). List the prime factors of 1 + ((-48)/k)/(-2).
13
Let q(d) = -2*d**2 - 12. Let k(r) = 3*r**2 + 23. Let g(f) = -3*k(f) - 5*q(f). List the prime factors of g(5).
2
Suppose 0 = 3*r + r + 4. Let f be ((-5)/(-10))/(r/(-2)). Let s(q) = 9*q**3 + 2*q - 1. What are the prime factors of s(f)?
2, 5
Suppose 4*l - 1 = 23. Suppose -4*d + l = -6. List the prime factors of d.
3
Let n(i) = -i + 6. Let d(q) = 2*q - 11. Let g(w) = 2*d(w) + 5*n(w). List the prime factors of g(-9).
17
What are the prime factors of 1 + 157*3/3?
2, 79
Suppose 9*n = 4*n - 2*l + 96, 3*l - 81 = -4*n. List the prime factors of n.
2, 3
Let c(f) = f**2 + 6*f - 12. Let z be c(-10). Suppose 44 = 4*q - 2*m, 0*q + z = 3*q - 4*m. Suppose 6*b - 3*b = q. What are the prime factors of b?
2
Suppose -4*k + 654 = 58. What are the prime factors of k?
149
Let v be (-40)/3*12/(-10). Let b = v + -11. List the prime factors of b.
5
Suppose 3*v - 35 = 4*s, -5*v - s + 20 = -0*s. Let o be (-24)/v - (-1)/(-5). Let g(f) = -f**2 - 10*f - 7. List the prime factors of g(o).
2, 3
Let f(n) = -2*n - 2. Let s be f(5). Let d = 15 + s. List the prime factors of d.
3
Let j = -32 + 76. What are the prime factors of j?
2, 11
Let t(s) = 15*s**2 + 2*s - 1. Let w be t(1). Let d = -34 + w. Let p = -6 - d. What are the prime factors of p?
2, 3
Suppose 4 = u, -80 + 344 = 4*k + u. List the prime factors of k.
5, 13
Let f be 12/(-9) - (-4)/(-6). Let x = f - -5. List the prime factors of (-3 + x - -15) + -2.
13
Let y(o) = -o + 2*o**2 - 2*o**2 + 3*o**3. Let c be y(1). Suppose -m + 13 = c*f, 3*m - 24 = -4*f - m. What are the prime factors of f?
7
Let a = 68 + -30. What are the prime factors of a?
2, 19
Let i = -1 - -3. Let d = i + 7. What are the prime factors of d?
3
Let z(i) = i - 8. Let w be z(4). Let q(l) be the third derivative of l**6/120 + l**5/15 - l**4/8 - l**3/2 + 2*l**2. List the prime factors of q(w).
3
Suppose 3*m = 5*m - 104. Let r = m + -16. List the prime factors of r.
2, 3
Let v be -1*(2 + -136 - -2). Suppose 4*f = -w + v, 5*w - 8 - 172 = -5*f. Suppose -6*l = -2*l - f. What are the prime factors of l?
2
Let x(o) = o**2 - o. Let z(d) = d**3 + 9*d**2 + 9*d + 7. Let h = 5 - 13. Let t be z(h). List the prime factors of x(t).
2
Let q(b) = 3*b**3 + b**2 - 2*b + 1. Let l be q(1). Let a be -2 - (l + -5)/2. Let t(c) = -9*c**3 - c**2 + c + 1. List the prime factors of t(a).
2
Suppose 4*h - 181 = -37. List the prime factors of ((-20)/(-3))/(12/h).
2, 5
Let s(o) = -2*o**2 - 19*o + 12. Let f(u) = u**2 + 9*u - 6. Let n(j) = -5*f(j) - 3*s(j). What are the prime factors of n(-16)?
2, 29
Suppose 9 = -0*n + 3*n. Suppose 0 = 5*m + 4*l + 11, 5*l + 0 + 17 = -n*m. Suppose 4*s = 3*t + 25, 2*s + 3*t + m = -0*t. List the prime factors of s.
2
Suppose 0 + 3 = u. Let s = 46 + -30. Suppose 7*r = u*r + s. What are the prime factors of r?
2
Let u(y) = -2*y**3 - 3*y**2 - 3*y - 5. Let g be u(-2). Suppose -s + g = -24. List the prime factors of s.
29
Suppose -4*c = -4*x - 20, -10 = -0*x - 5*x. List the prime factors of c.
7
Suppose 5*z = -79 - 56. Let c(b) = -2*b**3 + 21*b**2 - 12*b - 1. Let w be c(10). List the prime factors of 2/(-1 + z/w).
7
Let u(h) = 4*h**2 - 2*h + 3. Let d be u(2). Suppose -3*k = -0*k + d. Let l(g) = -3*g - 3. What are the prime factors of l(k)?
2, 3
Let c(s) = -s**2 + s. Let l be c(1). Suppose -r + 3*r - 48 = l. Suppose r = 2*j - 0*j. What are the prime factors of j?
2, 3
What are the prime factors of (160/(-15))/(3/(-9))?
2
Suppose 6 + 8 = -2*h. Let y = h + 4. List the prime factors of 6/y*1 + 4.
2
Let o(a) = -a**3 - 2*a**2 + 2*a + 3. Let l be o(-2). Suppose 49 = -5*c - 16. Let m = l - c. List the prime factors of m.
2, 3
Let p = 50 + -30. Suppose -4*d - d + p = 0. Let z(l) = l. What are the prime factors of z(d)?
2
Let y = 114 + -79. List the prime factors of y.
5, 7
Let a(k) = k**2 - 6*k + 3. What are the prime factors of a(9)?
2, 3, 5
Let u(w) = w**2 + 11*w + 17. List the prime factors of u(-13).
43
Let t(b) be the second derivative of -b**3/6 - 3*b**2 + 2*b. Let a be t(0). What are the prime factors of 1/(-3) - 86/a?
2, 7
Suppose 2*q = -4*y, -4*q - 22 = -4*y + y. List the prime factors of y/3 - (-48)/9.
2, 3
Let b(z) = z**3 - 3*z + 2. Let i be b(2). Suppose 5*l = -d + 8 + 5, -i*d - 2*l = -88. What are the prime factors of d?
23
Let f = -24 - -44. Suppose 0 = q + 2, q - 3*q = h 